0 and 37460?
20
What is the greatest common divisor of 3864 and 1842?
6
Calculate the highest common divisor of 1580 and 490.
10
Calculate the greatest common divisor of 2628462 and 1145.
229
What is the greatest common divisor of 287 and 240289?
7
Calculate the highest common factor of 5592 and 1554.
6
What is the highest common divisor of 2191564 and 692?
692
What is the greatest common divisor of 194265 and 27?
27
Calculate the greatest common factor of 33449 and 3403.
83
Calculate the greatest common divisor of 23111 and 764.
191
What is the highest common factor of 44220 and 924?
132
What is the highest common factor of 441 and 9653?
49
Calculate the greatest common divisor of 9063 and 4959.
171
Calculate the greatest common divisor of 377 and 2769.
13
What is the greatest common factor of 395 and 467206?
79
Calculate the highest common factor of 1898 and 10530.
26
What is the greatest common factor of 6627 and 21?
3
What is the greatest common divisor of 5368 and 3032?
8
What is the highest common factor of 12581 and 207?
23
What is the highest common divisor of 92 and 1926273?
23
Calculate the highest common divisor of 1832 and 2955932.
916
Calculate the highest common divisor of 207 and 59823.
207
What is the greatest common factor of 52020 and 1683?
153
Calculate the highest common factor of 212345 and 63.
7
Calculate the highest common factor of 9514 and 402.
134
Calculate the highest common divisor of 350 and 2337650.
350
Calculate the highest common factor of 34235 and 82.
41
Calculate the greatest common divisor of 77626 and 1295.
37
What is the highest common factor of 3185 and 37240?
245
Calculate the highest common factor of 422 and 1577647.
211
What is the highest common factor of 1404077 and 877?
877
Calculate the highest common factor of 3108422 and 2248.
562
Calculate the highest common divisor of 95805 and 180.
45
Calculate the highest common factor of 26 and 339547.
13
Calculate the highest common factor of 45 and 14790.
15
What is the greatest common factor of 19826 and 5750?
46
What is the greatest common divisor of 208510 and 1450?
290
What is the highest common factor of 918 and 66402?
306
What is the highest common factor of 184100 and 300?
100
Calculate the greatest common factor of 67 and 2647505.
67
Calculate the greatest common factor of 7556 and 4.
4
What is the highest common factor of 3159 and 1647?
27
Calculate the greatest common divisor of 1233 and 326334.
411
Calculate the greatest common factor of 2143332 and 522.
522
Calculate the greatest common divisor of 2270 and 1060.
10
Calculate the highest common divisor of 840 and 622020.
420
What is the greatest common divisor of 220 and 107195?
55
What is the highest common factor of 680 and 4131?
17
What is the greatest common factor of 2822 and 527?
17
Calculate the highest common divisor of 37800 and 36.
36
What is the highest common divisor of 197 and 128?
1
Calculate the highest common divisor of 144 and 9.
9
Calculate the greatest common divisor of 182580 and 300.
60
Calculate the highest common divisor of 55635 and 120.
15
What is the highest common divisor of 945 and 7830?
135
What is the highest common factor of 7144 and 30856?
152
What is the greatest common divisor of 1503 and 43420?
167
Calculate the highest common factor of 295344 and 378.
126
Calculate the highest common factor of 165 and 185.
5
What is the greatest common divisor of 242464 and 416?
32
Calculate the highest common factor of 7370 and 43550.
670
Calculate the greatest common divisor of 57358 and 146769.
1687
Calculate the highest common factor of 164943 and 82.
41
What is the highest common factor of 17 and 268651?
17
What is the greatest common divisor of 31 and 3145973?
31
Calculate the highest common factor of 120 and 48040.
40
What is the greatest common divisor of 9 and 409625?
1
Calculate the highest common divisor of 8 and 918640.
8
What is the highest common divisor of 780 and 13040?
20
What is the greatest common divisor of 73824 and 768?
96
What is the greatest common factor of 1527020 and 5?
5
Calculate the greatest common divisor of 12403 and 942.
157
What is the greatest common factor of 574 and 3034?
82
Calculate the highest common factor of 552 and 127144.
184
Calculate the greatest common factor of 7 and 118.
1
Calculate the highest common divisor of 479 and 585338.
479
What is the highest common divisor of 990 and 39402?
198
Calculate the greatest common divisor of 103337 and 13.
13
What is the highest common factor of 255928 and 56?
8
Calculate the greatest common divisor of 37 and 1424.
1
What is the highest common factor of 10147 and 2044?
73
What is the greatest common divisor of 12451 and 4?
1
What is the greatest common factor of 1782 and 16071?
33
What is the highest common divisor of 21 and 321951?
21
Calculate the highest common divisor of 22 and 431178.
22
Calculate the highest common divisor of 4008 and 71.
1
What is the highest common factor of 42 and 848722?
14
What is the highest common divisor of 1058 and 322?
46
What is the greatest common factor of 62931 and 99?
33
What is the highest common divisor of 1275 and 130254?
51
What is the highest common divisor of 143 and 3133?
13
What is the highest common factor of 64624 and 224?
112
What is the greatest common divisor of 5122 and 650?
26
Calculate the highest common factor of 970 and 204570.
10
Calculate the highest common divisor of 4344 and 4152.
24
What is the greatest common factor of 557 and 884516?
557
Calculate the highest common divisor of 31683 and 531.
177
Calculate the greatest common divisor of 2108 and 136.
68
What is the greatest common factor of 50816 and 6016?
128
Calculate the highest common divisor of 1170 and 2430.
90
Calculate the greatest common factor of 129 and 3462.
3
Calculate the greatest common factor of 28 and 3247552.
28
Calculate the greatest common factor of 72833 and 346.
173
What is the greatest common factor of 117 and 11879829?
117
What is the highest common factor of 101 and 3957180?
101
Calculate the greatest common factor of 156961 and 68.
17
Calculate the greatest common factor of 382998 and 4389.
231
What is the highest common divisor of 4 and 24084?
4
Calculate the greatest common factor of 298773 and 32451.
1119
Calculate the greatest common divisor of 5278013 and 481.
481
Calculate the greatest common factor of 8294 and 352.
22
Calculate the greatest common divisor of 15939 and 1287.
99
What is the greatest common divisor of 1254 and 4598?
418
What is the highest common factor of 2959 and 303970?
269
What is the highest common factor of 390490 and 782?
34
Calculate the greatest common divisor of 2620 and 160868.
524
Calculate the greatest common factor of 228 and 7106.
38
Calculate the highest common divisor of 2548 and 8428.
196
Calculate the greatest common factor of 728735 and 658.
329
What is the highest common factor of 21551 and 1081?
23
What is the highest common factor of 497 and 279101?
71
Calculate the greatest common divisor of 2400 and 2025.
75
Calculate the greatest common factor of 66 and 17826.
6
What is the highest common divisor of 33517 and 8033?
277
What is the greatest common factor of 740900 and 200?
100
Calculate the highest common factor of 1385021 and 7585.
1517
What is the highest common divisor of 1538996 and 284?
284
Calculate the highest common factor of 1243056 and 684.
228
Calculate the greatest common factor of 399 and 632757.
57
Calculate the greatest common factor of 41762 and 95.
19
Calculate the highest common divisor of 414 and 901071.
207
What is the greatest common factor of 110506 and 8?
2
What is the highest common divisor of 86358 and 1998?
222
What is the greatest common divisor of 250 and 445000?
250
Calculate the highest common divisor of 350 and 36505.
35
What is the highest common factor of 26200 and 266716?
524
What is the greatest common divisor of 4 and 21708?
4
Calculate the greatest common divisor of 82 and 24641.
41
Calculate the highest common factor of 472 and 5782.
118
What is the highest common factor of 2 and 2866?
2
What is the highest common factor of 1245543 and 117?
39
Calculate the greatest common factor of 9741 and 1581.
51
Calculate the highest common factor of 7452 and 8748.
324
Calculate t